e
Is 918 a multiple of 17?
True
Is 69 a factor of 9916?
False
Does 31 divide 68293?
True
Is 678 a multiple of 14?
False
Is 66 a multiple of 10?
False
Is 11 a factor of 59?
False
Does 21 divide 5070?
False
Is 8 a factor of 443?
False
Does 10 divide 13?
False
Does 64 divide 13248?
True
Is 4 a factor of 44?
True
Is 1310 a multiple of 26?
False
Does 12 divide 11100?
True
Is 311 a factor of 100240?
False
Is 7 a factor of 367?
False
Does 12 divide 1620?
True
Is 2808 a multiple of 26?
True
Is 107 a factor of 5992?
True
Is 9328 a multiple of 88?
True
Does 176 divide 13200?
True
Is 3660 a multiple of 60?
True
Is 169 a multiple of 7?
False
Is 9090 a multiple of 9?
True
Is 39 a factor of 1053?
True
Is 35 a factor of 490?
True
Does 191 divide 16999?
True
Does 31 divide 6355?
True
Does 94 divide 3092?
False
Is 98 a factor of 6958?
True
Is 11 a factor of 10842?
False
Is 25 a factor of 60533?
False
Is 1726 a multiple of 91?
False
Is 156 a multiple of 12?
True
Does 7 divide 245?
True
Is 183 a factor of 18521?
False
Is 5100 a multiple of 50?
True
Is 7029 a multiple of 9?
True
Does 6 divide 8782?
False
Does 50 divide 8800?
True
Is 24 a factor of 384?
True
Does 6 divide 1745?
False
Is 4 a factor of 287?
False
Is 10 a factor of 350?
True
Is 9000 a multiple of 36?
True
Does 42 divide 5796?
True
Does 18 divide 14112?
True
Is 14000 a multiple of 10?
True
Is 79 a factor of 1250?
False
Is 768 a multiple of 18?
False
Is 74 a factor of 28416?
True
Does 18 divide 17072?
False
Is 150 a multiple of 30?
True
Is 16659 a multiple of 10?
False
Is 38083 a multiple of 102?
False
Is 8 a factor of 1000?
True
Does 7 divide 3412?
False
Does 41 divide 1066?
True
Is 7 a factor of 11254?
False
Does 9 divide 1128?
False
Is 10 a factor of 525?
False
Is 2367 even?
False
Does 37 divide 37999?
True
Does 10 divide 450?
True
Is 1026 a multiple of 31?
False
Is 544 a multiple of 43?
False
Is 3378 a multiple of 49?
False
Is 32 a factor of 25920?
True
Does 104 divide 196?
False
Is 7 a factor of 865?
False
Does 9 divide 11385?
True
Is 1319 a multiple of 35?
False
Is 29 a factor of 24940?
True
Does 47 divide 6251?
True
Is 35 a factor of 1015?
True
Is 8718 a multiple of 38?
False
Does 7 divide 925?
False
Does 25 divide 118425?
True
Is 9 a factor of 465?
False
Is 5 a factor of 495?
True
Does 14 divide 8176?
True
Is 170 a factor of 65582?
False
Is 19 a factor of 184?
False
Is 76738 a multiple of 34?
True
Does 7 divide 4193?
True
Does 61 divide 810?
False
Does 18 divide 72?
True
Does 12 divide 1716?
True
Is 6450 a multiple of 28?
False
Is 140 a factor of 6326?
False
Is 3108 a multiple of 36?
False
Is 6 a factor of 2012?
False
Is 924 a multiple of 48?
False
Is 12 a factor of 828?
True
Does 12 divide 1759?
False
Is 23 a factor of 248?
False
Is 10 a factor of 60?
True
Is 44 a factor of 12247?
False
Does 3 divide 481?
False
Is 19190 a multiple of 19?
True
Is 171773 a multiple of 154?
False
Is 703 a multiple of 19?
True
Is 11 a factor of 267?
False
Does 2 divide 703?
False
Does 12 divide 12780?
True
Does 3 divide 1155?
True
Does 48 divide 2311?
False
Is 38 a factor of 30140?
False
Is 20 a factor of 52480?
True
Is 2926 a multiple of 32?
False
Does 257 divide 26064?
False
Is 104 a multiple of 13?
True
Does 100 divide 19000?
True
Is 37164 a multiple of 51?
False
Is 237 a factor of 23226?
True
Is 31 a factor of 38029?
False
Does 38 divide 226?
False
Is 17536 a multiple of 64?
True
Is 11 a factor of 7792?
False
Does 50 divide 2900?
True
Is 6 a factor of 33540?
True
Is 2051 a multiple of 23?
False
Does 45 divide 630?
True
Does 21 divide 31773?
True
Is 88 a factor of 50248?
True
Is 20 a factor of 2008?
False
Is 17 a factor of 92295?
False
Is 26 a factor of 39707?
False
Is 59 a factor of 511?
False
Is 15729 a multiple of 13?
False
Is 752 a multiple of 8?
True
Is 12920 a multiple of 136?
True
Does 41 divide 4756?
True
Is 29 a factor of 3457?
False
Is 19 a factor of 2660?
True
Is 103 a factor of 6592?
True
Is 21 a factor of 621?
False
Is 1131 a multiple of 6?
False
Does 6 divide 30804?
True
Is 730 a multiple of 17?
False
Is 5014 a multiple of 46?
True
Is 15 a factor of 19170?
True
Does 9 divide 5058?
True
Is 32740 a multiple of 20?
True
Is 20 a factor of 20?
True
Is 1375 a multiple of 25?
True
Is 8060 a multiple of 10?
True
Is 4 a factor of 4527?
False
Is 3 a factor of 164?
False
Does 12 divide 456?
True
Does 2 divide 7065?
False
Does 32 divide 6752?
True
Is 175 a multiple of 7?
True
Does 70 divide 630?
True
Is 69 a factor of 1111?
False
Is 8725 a multiple of 170?
False
Is 39 a factor of 663?
True
Does 15 divide 937?
False
Is 693 a multiple of 7?
True
Does 13 divide 11609?
True
Is 2 a factor of 6325?
False
Is 829 a multiple of 45?
False
Is 4 a factor of 3428?
True
Is 10550 a multiple of 4?
False
Is 42 a factor of 3272?
False
Is 14305 a multiple of 3?
False
Is 16856 a multiple of 196?
True
Is 24 a factor of 79248?
True
Is 46 a factor of 4416?
True
Is 3166 a multiple of 43?
False
Is 2924 a multiple of 35?
False
Does 10 divide 3410?
True
Does 36 divide 3458?
False
Is 6546 a multiple of 140?
False
Is 20 a factor of 73?
False
Is 7179 a multiple of 309?
False
Does 29 divide 3446?
False
Is 10 a factor of 59?
False
Is 8 a multiple of 8?
True
Does 21 divide 1974?
True
Does 10 divide 16301?
False
Is 3 a factor of 89?
False
Is 11266 a multiple of 119?
False
Is 4 a factor of 11386?
False
Is 39 a factor of 234?
True
Does 10 divide 1420?
True
Does 17 divide 16898?
True
Does 48 divide 18228?
False
Is 5 a factor of 13675?
True
Is 18250 a multiple of 10?
True
Is 6 a factor of 3212?
False
Does 2 divide 60?
True
Does 16 divide 2096?
True
Is 7920 a multiple of 24?
True
Is 22 a factor of 16075?
False
Is 65 a factor of 2275?
True
Is 51 a multiple of 51?
True
Is 38 a factor of 494?
True
Does 55 divide 9925?
False
Does 44 divide 1100?
True
Is 11 a factor of 4539?
False
Does 62 divide 2666?
True
Is 20706 a multiple of 42?
True
Is 40 a factor of 8276?
False
Does 68 divide 78676?
True
Is 161 a multiple of 3?
False
Does 22 divide 9149?
False
Does 17 divide 63?
False
Is 702 a multiple of 36?
False
Is 4923 a multiple of 10?
False
Does 23 divide 194?
False
Is 68436 a multiple of 20?
False
Is 580 a multiple of 24?
False
Is 8 a factor of 8841?
False
Is 267 a multiple of 8?
False
Does 42 divide 532?
False
Is 2946 a multiple of 9?
False
Is 118 a multiple of 42?
False
Is 13104 a multiple of 16?
True
Is 39 a factor of 12129?
True
Does 58 divide 83926?
True
Is 1574 a multiple of 12?
False
Does 8 divide 711?
False
Is 624 a multiple of 24?
True
Is 41604 a multiple of 13?
False
Is 31095 a multiple of 15?
True
Is 10 a factor of 1912?
False
Is 9 a factor of 126?
True
Is 12 a multiple of 7?
False
Is 65 a factor of 65?
True
Does 10 divide 1049?
False
Is 141 a factor of 31467?
False
Does 33 divide 3861?
True
Is 205 a multiple of 5?
True
Does 17 divide 6817?
True
Is 24 a factor of 312?
True
Is 183 a factor of 8015?
False
Is 2100 a multiple of 6?
True
Is 10472 a multiple of 28?
True
Does 20 divide 640?
True
Is 141 a factor of 2721?
False
Is 123 a factor of 229?
False
Does 10 divide 1731?
False
Is 50108 a multiple of 93?
False
Is 44 a factor of 25407?
False
Does 10 divide 224?
False
Is 261 a multiple of 29?
True
Does 246 divide 9348?
True
Does 9 divide 6183?
True
Is 12 a factor of 1956?
True
Does 21 divide 3834?
False
Does 29 divide 3040?
False
Is 16 a factor of 442?
False
Does 106 divide 69690?
False
Is 12 a factor of 26636?
False
Is 2079 a multiple of 13?
False
Does 6 divide 428?
False
Is 306 a multiple of 17?
True
Is 4402 a multiple of 62?
True
Is 19 a factor of 475?
True
Is 4005 a multiple of 5?
True
Is 13836 a multiple of 27?
False
Is 27371 a multiple of 23?
False
Is 1936 a multiple of 88?
True
Is 1535 a multiple of 23?
False
Is 15 a factor of 840?
True
Is 114 a factor of 2810?
False
Is 25 a factor of 264?
False
Is 2817 a multiple of 15?
False
Is 16374 a multiple of 16?
False
Is 7 a factor of 686?
True
Does 218 divide 5014?
True
Does 87 divide 868?
False
Is 146 a multiple of 3?
False
Is 91 a factor of 42042?
True
Is 84 a multiple of 14?
True
Does 4 divide 168?
True
Does 6 divide 19836?
True
Does 55 divide 17875?
True
Is 14 a factor of 846?
False
Is 21 a factor of 262?
False
Is 260 a multiple of 65?
True
Does 27 divide 621?
True
Is 160 a factor of 25555?
F